4 and 39089728?
2624
What is the greatest common divisor of 102032138 and 1586?
1586
What is the highest common factor of 3972199 and 37367?
869
What is the greatest common divisor of 13808402 and 3914?
38
What is the highest common factor of 21 and 702358608?
21
Calculate the greatest common factor of 27376 and 8440363.
1711
What is the greatest common divisor of 87 and 6066?
3
Calculate the greatest common factor of 318000 and 450750.
750
Calculate the highest common factor of 97 and 572785.
97
What is the greatest common divisor of 88771086 and 27?
27
What is the greatest common factor of 202470 and 101286?
102
Calculate the highest common factor of 134 and 1076180130.
134
Calculate the greatest common divisor of 1262179 and 1075.
43
What is the highest common factor of 88 and 384255146?
22
Calculate the highest common divisor of 156 and 247671112.
52
Calculate the highest common divisor of 5820578 and 9369.
347
What is the highest common divisor of 5607 and 15142638?
1869
What is the highest common divisor of 20126886 and 129450?
5178
What is the highest common factor of 1794 and 7185936?
138
Calculate the greatest common divisor of 11357740 and 1.
1
Calculate the highest common factor of 30366400 and 320.
320
Calculate the highest common factor of 828046 and 1222.
94
What is the greatest common factor of 4 and 472754624?
4
Calculate the highest common factor of 2862237 and 336.
21
What is the highest common divisor of 640619 and 10868305?
3703
What is the highest common factor of 476136 and 188276?
1556
What is the highest common factor of 4351791 and 7460?
373
Calculate the greatest common factor of 689 and 10684206.
13
Calculate the highest common factor of 234838 and 32419.
17
Calculate the greatest common factor of 1625 and 95049175.
325
What is the highest common divisor of 12254044 and 572?
44
What is the greatest common factor of 7506 and 1520660?
278
Calculate the highest common divisor of 323239 and 15218728.
5299
What is the highest common divisor of 351 and 6306?
3
What is the greatest common factor of 4389526 and 4748?
2374
Calculate the greatest common factor of 25 and 104356925.
25
Calculate the greatest common divisor of 3106272 and 146851.
2489
What is the highest common factor of 35 and 7001603?
7
Calculate the greatest common divisor of 87699 and 1848375.
93
What is the highest common factor of 51261694 and 1202?
1202
Calculate the greatest common factor of 1342272 and 75.
3
Calculate the greatest common divisor of 6639323 and 1481.
1481
Calculate the greatest common factor of 89169403 and 493.
493
What is the greatest common divisor of 5301 and 1075761?
171
What is the greatest common factor of 1865332616 and 47?
47
Calculate the highest common divisor of 397 and 41787426.
397
Calculate the highest common factor of 130 and 2706140.
10
What is the highest common divisor of 18255167 and 3837?
1279
What is the highest common factor of 20696 and 78605?
199
Calculate the greatest common divisor of 14497451 and 148.
37
What is the greatest common factor of 9290350 and 2868400?
3550
What is the highest common divisor of 140843269 and 7?
7
What is the highest common divisor of 21693488 and 16?
16
Calculate the highest common factor of 37043778 and 417.
417
What is the highest common factor of 415500 and 6180?
60
What is the highest common factor of 27 and 1494762?
3
Calculate the highest common divisor of 3880220 and 7205.
655
What is the highest common divisor of 403 and 11683559?
31
Calculate the highest common factor of 3115004 and 1271.
31
Calculate the highest common factor of 120165006 and 5928.
1482
What is the highest common divisor of 265834822 and 14036?
7018
Calculate the greatest common factor of 208 and 60387548.
52
What is the greatest common divisor of 873890 and 5270?
310
What is the greatest common factor of 1400 and 661900?
100
Calculate the highest common divisor of 44407 and 3426478.
121
What is the greatest common factor of 985551 and 347403?
1491
What is the greatest common factor of 24761319 and 7359?
33
Calculate the highest common divisor of 924 and 4670743.
77
Calculate the highest common divisor of 4501 and 2029881.
7
What is the highest common factor of 13 and 185823872?
13
Calculate the highest common factor of 2530 and 4618170.
230
Calculate the greatest common factor of 25559204 and 44.
44
Calculate the greatest common divisor of 104883 and 129.
3
Calculate the greatest common divisor of 83 and 103999.
83
What is the greatest common divisor of 156 and 1365104?
52
Calculate the highest common divisor of 36 and 1548636.
12
Calculate the greatest common divisor of 4498693 and 848.
53
Calculate the highest common divisor of 263755 and 4387.
107
Calculate the highest common factor of 1577 and 201532715.
1577
Calculate the highest common divisor of 261 and 2446063.
29
What is the highest common divisor of 1077812 and 28556?
236
What is the highest common factor of 37779720 and 880?
440
Calculate the greatest common factor of 71907253 and 11918.
5959
What is the greatest common factor of 1278 and 3851466?
426
Calculate the highest common divisor of 1996 and 27194003.
499
What is the highest common factor of 169340 and 2330?
10
Calculate the highest common factor of 62118826 and 209.
11
What is the highest common factor of 1431 and 3225421?
53
Calculate the greatest common factor of 18009 and 168933.
3
Calculate the greatest common divisor of 23075 and 575384.
71
Calculate the highest common divisor of 1079119699 and 6958.
3479
Calculate the highest common divisor of 12902455 and 7178.
3589
What is the greatest common divisor of 3996210 and 2666?
62
Calculate the greatest common divisor of 1750510 and 190.
10
Calculate the greatest common factor of 436077 and 806508.
4689
Calculate the highest common divisor of 166 and 148609591.
83
Calculate the highest common factor of 96879921 and 3732.
933
What is the greatest common divisor of 5806 and 980148599?
2903
Calculate the highest common factor of 177694 and 3129148.
4334
Calculate the highest common divisor of 473 and 23100.
11
What is the greatest common divisor of 15 and 60458760?
15
What is the highest common factor of 52 and 571836096?
52
What is the highest common factor of 3420521 and 32509?
29
What is the greatest common divisor of 33432 and 3683092?
5572
Calculate the greatest common divisor of 4400418 and 905004.
6558
Calculate the highest common divisor of 160737376 and 4448.
4448
Calculate the greatest common factor of 77869 and 5522.
11
Calculate the greatest common factor of 5461977 and 15429.
111
Calculate the highest common divisor of 304 and 6409441.
19
Calculate the highest common factor of 20500 and 155308.
164
Calculate the greatest common factor of 10 and 697295.
5
Calculate the highest common factor of 560 and 60016.
16
What is the highest common divisor of 713010 and 3720?
30
Calculate the highest common factor of 123763 and 10603.
23
Calculate the highest common divisor of 274459 and 989.
23
Calculate the greatest common divisor of 49241 and 12996021.
1201
Calculate the greatest common divisor of 8652 and 39484844.
2884
Calculate the highest common divisor of 3519 and 16497279.
207
Calculate the greatest common factor of 672 and 118055658.
42
Calculate the highest common factor of 64824 and 690945.
219
Calculate the highest common factor of 41916 and 14574.
42
What is the greatest common divisor of 7410988 and 418?
38
What is the greatest common factor of 15900219 and 19245?
3849
What is the greatest common factor of 172 and 2383963?
43
What is the greatest common factor of 163305 and 3396915?
855
What is the greatest common divisor of 286595 and 311860?
155
Calculate the highest common divisor of 401749 and 2537.
43
What is the greatest common factor of 125438 and 273809?
19
Calculate the greatest common factor of 506850803 and 1663.
1663
Calculate the highest common divisor of 9344671 and 868.
217
What is the greatest common factor of 93089763 and 552?
69
What is the highest common factor of 3354709 and 7859?
271
Calculate the greatest common factor of 10297 and 1751961.
1471
What is the greatest common factor of 10 and 4261155?
5
What is the greatest common factor of 314806619 and 259?
37
Calculate the highest common divisor o